et v(n) = -3*n + 128. Calculate the remainder when i is divided by v(28).
31
Suppose -341*h - 15 = -338*h. Let d be ((-48)/(-20))/(6/40). What is the remainder when d*(3 + h/(-4)) is divided by 7?
5
Suppose -6*t - 60 = 6*t. Let v = t - 16. Let j = v + 29. What is the remainder when 102 is divided by j?
6
Let g = -295 - -301. Let i(x) = x**3 - 4*x**2 + 8*x - 2. Calculate the remainder when i(g) is divided by 20.
18
Let o(u) = 77*u + 68. Calculate the remainder when o(0) is divided by 19 + 2/(-4)*2.
14
Let l(h) = -31*h + 334. Let w be l(11). What is the remainder when (255 - 63/(-9)) + w is divided by 88?
79
Suppose -4*q + 5*q + 2*g = 32, 3*g = 15. What is the remainder when -3*(-1929)/54 - 12/72 is divided by q?
19
Let q = -505 + 838. Let n = q - 316. Calculate the remainder when n is divided by 11.
6
Calculate the remainder when (-65151)/(-110 + 53) - (1 + 6 - 1) is divided by 22.
15
Suppose 7*l - 61 = 239 - 41. What is the remainder when 664 is divided by l?
35
Let j(b) = 5*b + 88. Let s be j(-18). What is the remainder when 93071/231 + 11 - s/21 is divided by 13?
11
Suppose 2*d + 30 = -4*u, -39 = 16*d - 13*d + 3*u. Let p(m) = -m**3 - 3*m**2 + 79*m - 14. What is the remainder when 248 is divided by p(d)?
78
Let s = -67 - -88. Suppose -16*z = -s*z + 380. Calculate the remainder when z is divided by 13.
11
Let r = -220 - -767. Calculate the remainder when r is divided by 96.
67
Suppose 123*b - 42 = 116*b. Suppose b*t - 351 = 201. What is the remainder when t is divided by 30?
2
Let a = 307 + -215. Suppose 6*h - 5*h = -3*f + a, 4*h + f = 324. What is the remainder when h is divided by 9?
8
Let n = -1640 - -3914. Calculate the remainder when n is divided by 69.
66
Let c = 115 - 113. Suppose h + 3 = k, -c*k + 3*h - 15 = -5*k. Calculate the remainder when 134/10 - (-4)/(-10) is divided by k.
1
Let h = -26 - -79. Let m(v) = 11*v**2 + 15*v - 35. Let x be m(2). Let j = h - x. Calculate the remainder when 39 is divided by j.
11
Suppose 4*l - 679 = 3*j, l - 31 = -4*j + 115. What is the remainder when 571 is divided by l?
73
Suppose 23 = 29*l - 35. Suppose -l*b = -9 - 13. What is the remainder when 18 is divided by b?
7
Let h be 3/(-5) + 372/20. Let v be h*(-4)/(-8) + 4. Suppose -3*b + 91 - v = 0. What is the remainder when b is divided by 6?
2
Suppose 0 = 4*d + 4. Suppose -549 = -37*c - 24 - 44. Calculate the remainder when d/((1 - 2)/25) is divided by c.
12
Suppose 5*f = 7*f + 3*l - 434, 4*l + 406 = 2*f. Calculate the remainder when 355 is divided by f.
144
Let d(l) = -l - 8. Let k be d(-7). Calculate the remainder when (-278)/k - (2 + -3) is divided by 47.
44
Let c = -1359 + 1904. Let v = c + -259. Suppose 0 = 4*a - 2*u - v, -2*a = -0*u - 3*u - 137. Calculate the remainder when a is divided by 37.
36
Suppose -298*p + 292*p = 12. Calculate the remainder when 155 is divided by 50*(p + 9 + -6).
5
Suppose 4*g = 8 - 12. Let c = g + 11. Suppose -3*m - c = -28. Calculate the remainder when m is divided by 3.
0
Let a be ((-55)/(-20))/(3/12). Let t = 17 - a. Let h(p) = -p**3 - 15*p**2 + p + 17. Calculate the remainder when t is divided by h(-15).
0
Calculate the remainder when 142 is divided by -10 + 25 + (-3 - (5 - 11)).
16
Suppose 3*b = 18*t - 17*t - 742, 3*b = -t - 734. Let i = b - -425. Calculate the remainder when i is divided by 14.
11
Suppose -55 = -w + 12*w. Let k = -13 + 8. Calculate the remainder when -14*(-3 - k/w) is divided by 19.
18
Suppose 8*z = 5*z - 11*z + 16968. What is the remainder when z is divided by 152?
148
Suppose 0 = 2*l - 4, 5*h + 2*l - 14 + 5 = 0. Suppose -4*b + h = 13, -7*v + 3*b + 219 = 0. Let c = 3 - -81. Calculate the remainder when c is divided by v.
24
Let n = -81 + 206. Let f(c) = -4*c + 11. Calculate the remainder when n is divided by f(-13).
62
Suppose -20*d = -19*d + 3*v - 427, -3*v - 2063 = -5*d. What is the remainder when d is divided by 3?
1
Suppose 4*w = 247 + 61. Let v(h) = h**3 - 4*h**2 + 3*h - 1. Let b be v(4). Suppose -6*l - 195 = -b*l. Calculate the remainder when w is divided by l.
38
Suppose y + 5 = 3. Let t be ((-9)/18)/(y/36). Suppose 0 = -3*g + 3 + t. What is the remainder when 13 is divided by g?
1
Let d(w) = w**2 - 4*w + 10. Suppose -61 = 2*c - 282 - 409. Calculate the remainder when c is divided by d(-8).
103
Suppose -4*s - 4*n = -120, -142*s + 75 = -140*s - n. Calculate the remainder when 1339 is divided by s.
9
Suppose -4*h = m - 98, -318*m + 321*m + 3*h - 294 = 0. What is the remainder when 994 is divided by m?
14
Let o(a) = -24*a**3 - a - 6. Let x be o(2). Let d = 230 + x. Calculate the remainder when 41 is divided by d.
11
Suppose -56 = -9*o + 979. Let v(l) = -5*l**3 + l**2 + 2*l - 1. What is the remainder when o is divided by v(-2)?
37
Suppose 132*k - 178*k + 2264 = -1784. Calculate the remainder when 780 is divided by k.
76
Suppose -q + 13 = 2*p, 4*p - 7 = 2*p + 5*q. Let t be p/(-4)*11/((-55)/150). Let z = t + 1. Calculate the remainder when z is divided by 8.
6
Let v = 860 - 843. Calculate the remainder when 148 is divided by v.
12
Let r be (3/(-4))/(-3) + (-1881)/(-44). Suppose -3*z + r + 64 = 5*h, -5*z + 17 = h. Calculate the remainder when (-2328)/(-22) - (-10)/55 is divided by h.
18
Let c be 36/(-162) + ((-50)/(-18))/(-1). Calculate the remainder when 171*(1 - 2)/(-3) is divided by 0/c - (-15 + (-4)/2).
6
Let i = 12 + -6. Let r be 19 - 9 - (2 - -3). Calculate the remainder when i is divided by (r + -2)*(-5)/75*-20.
2
Suppose 4*m + u = 4, u = -2*m + 6*u - 20. What is the remainder when m - 1/4 - (-54768)/192 is divided by 41?
39
Let a be ((-621)/6)/((-6)/(-16) - 0). Let k = -237 - a. Calculate the remainder when 115 is divided by k.
37
Let t(z) = z**2 - 12*z - 8. Let m be t(13). Let w(g) = g**3 - 3*g**2 - 9*g + 10. What is the remainder when 59 is divided by w(m)?
14
Suppose 301 = 11*l - 326. Let h = 95 - l. What is the remainder when h is divided by 10?
8
Suppose -5*o - 124 = -9*o - 3*n, -5*n = -5*o + 85. Let v(w) = -22*w + 2 + 6*w - 3. What is the remainder when v(-6) is divided by o?
20
Suppose -2*i + 20 = 2*i, 3*o - 2*i + 220 = 0. Let m = o + 89. Calculate the remainder when 50 is divided by m.
12
Let s be (-5)/(-1*1/6). Let j be 30/25*(s/4)/3. Suppose -j*k = -7*k + 316. What is the remainder when k is divided by 21?
16
Calculate the remainder when 423/(-47) - (-202)/2 is divided by 26.
14
Calculate the remainder when 1237 is divided by 24*1 + (-436 - -452).
37
Let m = 68 + -135. Let i = m + 89. Calculate the remainder when i is divided by 14.
8
Let i(w) = -2*w**3 - 2*w**2 - 4*w + 123. What is the remainder when i(-9) is divided by 9?
6
Let d(c) = -c**3 - 24*c**2 + 41*c + 561. Calculate the remainder when d(-25) is divided by 53.
2
Let v(h) = 101*h**2 - 4*h. What is the remainder when 186 is divided by v(-1)?
81
Suppose -5*z + 32194 = -4*f, 46*z + f - 51540 = 38*z. What is the remainder when z is divided by 27?
16
Let o(l) = -74*l - 1679. Calculate the remainder when 50 is divided by o(-23).
4
Let f = 198 + -192. Let d = f - -22. Calculate the remainder when 83 is divided by d.
27
Let l(y) = -y**3 - 16*y**2 - 19*y - 4. Let u be (-44)/33 + 41/(-3). Let p be l(u). Let f = -47 + p. Calculate the remainder when f is divided by 4.
1
Let s = -254 - -258. What is the remainder when 7 - (0 + 0) - -254 is divided by s?
1
Let h = -436 - -540. Calculate the remainder when 127 is divided by 5/(30/h)*(-51)/(-34).
23
Let v = 47 - 45. Suppose v = -2*h - 3*y + 6, 3*y + 4 = -h. Let o = h - -10. Calculate the remainder when o is divided by 7.
4
Suppose -5*o = 5*s - 6915, -4*s + 1971 = -o - 3566. What is the remainder when s is divided by 92?
4
Suppose 735 + 332 = 48*v + 107. Calculate the remainder when 617 is divided by v.
17
Let y = 100015 + -99608. Let c(q) = -2*q**3 + 3*q**2 + 3*q + 2. What is the remainder when y is divided by c(-2)?
23
Let y(o) = -o**3 + 10*o**2 + o - 48. What is the remainder when 1375 is divided by y(7)?
103
Let q(r) = -14*r - 12. Let f(s) = -154*s - 133. Let m(b) = -5*f(b) + 56*q(b). Let k = 28 + -30. Calculate the remainder when 102 is divided by m(k).
18
What is the remainder when ((-26 - (-5 + 0)) + 5)*573/(-12) is divided by 153?
152
Let i(l) = -l**2 + 38*l + 126. Let b(n) = -n**2 - 8*n + 19. Let z be b(-5). Calculate the remainder when i(z) is divided by 45.
37
Let m(z) = 1